is divided by 33.
21
Calculate the remainder when 95959 is divided by 1454.
1449
What is the remainder when 3237 is divided by 1616?
5
Calculate the remainder when 101665 is divided by 27.
10
What is the remainder when 11785 is divided by 54?
13
Calculate the remainder when 14361 is divided by 1025.
11
Calculate the remainder when 6821849 is divided by 210.
209
What is the remainder when 51151 is divided by 16?
15
Calculate the remainder when 5273 is divided by 1680.
233
What is the remainder when 226070 is divided by 86?
62
Calculate the remainder when 7482 is divided by 505.
412
What is the remainder when 3232 is divided by 935?
427
What is the remainder when 6802 is divided by 357?
19
What is the remainder when 2014 is divided by 734?
546
What is the remainder when 222651 is divided by 25?
1
What is the remainder when 20932 is divided by 464?
52
Calculate the remainder when 117439 is divided by 1236.
19
What is the remainder when 1150978 is divided by 3053?
3050
What is the remainder when 19747 is divided by 158?
155
Calculate the remainder when 2132816 is divided by 21.
14
What is the remainder when 10812 is divided by 20?
12
Calculate the remainder when 90 is divided by 10.
0
Calculate the remainder when 2085896 is divided by 1227.
1223
What is the remainder when 5315 is divided by 20?
15
Calculate the remainder when 29226 is divided by 112.
106
Calculate the remainder when 57949 is divided by 187.
166
What is the remainder when 15609 is divided by 5199?
12
What is the remainder when 1505 is divided by 362?
57
Calculate the remainder when 117645 is divided by 39205.
30
What is the remainder when 40668 is divided by 36?
24
Calculate the remainder when 19189 is divided by 51.
13
What is the remainder when 85230 is divided by 259?
19
Calculate the remainder when 12684 is divided by 47.
41
What is the remainder when 40491 is divided by 270?
261
Calculate the remainder when 1563499 is divided by 156349.
9
Calculate the remainder when 1649 is divided by 161.
39
What is the remainder when 152650 is divided by 76325?
0
What is the remainder when 16907 is divided by 589?
415
What is the remainder when 124656 is divided by 397?
395
Calculate the remainder when 884410 is divided by 684.
682
Calculate the remainder when 44509 is divided by 384.
349
Calculate the remainder when 61602 is divided by 37.
34
Calculate the remainder when 2328 is divided by 465.
3
Calculate the remainder when 84866 is divided by 98.
96
What is the remainder when 535081 is divided by 115?
101
What is the remainder when 126175 is divided by 672?
511
Calculate the remainder when 938 is divided by 100.
38
Calculate the remainder when 356835 is divided by 305.
290
What is the remainder when 55857 is divided by 28?
25
What is the remainder when 2908 is divided by 570?
58
What is the remainder when 15624 is divided by 355?
4
What is the remainder when 1193 is divided by 93?
77
What is the remainder when 1775 is divided by 795?
185
Calculate the remainder when 37817 is divided by 9453.
5
Calculate the remainder when 273725 is divided by 208.
205
What is the remainder when 14654 is divided by 8?
6
Calculate the remainder when 2184 is divided by 27.
24
What is the remainder when 166570 is divided by 18?
16
What is the remainder when 28892 is divided by 162?
56
What is the remainder when 5856 is divided by 196?
172
Calculate the remainder when 931 is divided by 810.
121
Calculate the remainder when 368 is divided by 227.
141
What is the remainder when 5068 is divided by 404?
220
Calculate the remainder when 134579 is divided by 147.
74
What is the remainder when 28319 is divided by 49?
46
What is the remainder when 149423 is divided by 85?
78
What is the remainder when 3656 is divided by 130?
16
What is the remainder when 257952 is divided by 28?
16
Calculate the remainder when 19393 is divided by 1079.
1050
Calculate the remainder when 486 is divided by 215.
56
What is the remainder when 317583 is divided by 16?
15
Calculate the remainder when 6118 is divided by 104.
86
Calculate the remainder when 6462 is divided by 191.
159
What is the remainder when 6638 is divided by 3074?
490
Calculate the remainder when 42517 is divided by 21.
13
Calculate the remainder when 1897 is divided by 130.
77
What is the remainder when 60579 is divided by 130?
129
What is the remainder when 16722 is divided by 110?
2
Calculate the remainder when 718379 is divided by 3.
2
Calculate the remainder when 61875 is divided by 499.
498
Calculate the remainder when 941 is divided by 934.
7
What is the remainder when 679069 is divided by 5612?
17
Calculate the remainder when 7038 is divided by 45.
18
Calculate the remainder when 353 is divided by 73.
61
Calculate the remainder when 10421 is divided by 83.
46
Calculate the remainder when 10797 is divided by 10766.
31
What is the remainder when 7792 is divided by 7790?
2
What is the remainder when 35272 is divided by 5?
2
Calculate the remainder when 3887625 is divided by 19.
16
Calculate the remainder when 8014 is divided by 2002.
6
What is the remainder when 52963 is divided by 486?
475
What is the remainder when 10732 is divided by 5335?
62
Calculate the remainder when 1545551 is divided by 21.
14
What is the remainder when 4560 is divided by 1113?
108
What is the remainder when 81663 is divided by 349?
346
What is the remainder when 21876 is divided by 21850?
26
Calculate the remainder when 6571 is divided by 3263.
45
What is the remainder when 388959 is divided by 1706?
1697
What is the remainder when 6671 is divided by 6636?
35
Calculate the remainder when 388453 is divided by 235.
233
What is the remainder when 9066 is divided by 1100?
266
Calculate the remainder when 41709 is divided by 59.
55
Calculate the remainder when 25701 is divided by 3212.
5
Calculate the remainder when 974 is divided by 433.
108
What is the remainder when 22043 is divided by 104?
99
What is the remainder when 1871 is divided by 770?
331
What is the remainder when 117447 is divided by 21?
15
What is the remainder when 39907 is divided by 4432?
19
Calculate the remainder when 37989 is divided by 62.
45
What is the remainder when 6041 is divided by 1507?
13
What is the remainder when 73585 is divided by 669?
664
Calculate the remainder when 3515 is divided by 76.
19
Calculate the remainder when 1446936 is divided by 34.
32
Calculate the remainder when 23293 is divided by 800.
93
What is the remainder when 1410497 is divided by 35?
32
Calculate the remainder when 4598 is divided by 354.
350
Calculate the remainder when 185 is divided by 180.
5
Calculate the remainder when 310 is divided by 10.
0
Calculate the remainder when 365529 is divided by 137.
13
Calculate the remainder when 21627 is divided by 88.
67
What is the remainder when 989 is divided by 868?
121
Calculate the remainder when 143861 is divided by 330.
311
What is the remainder when 10828306 is divided by 138?
136
What is the remainder when 154492 is divided by 136?
132
What is the remainder when 15989 is divided by 7781?
427
What is the remainder when 20397 is divided by 265?
257
Calculate the remainder when 3239 is divided by 180.
179
Calculate the remainder when 13081 is divided by 4229.
394
Calculate the remainder when 7393 is divided by 3629.
135
What is the remainder when 50600 is divided by 36?
20
What is the remainder when 71999 is divided by 172?
103
Calculate the remainder when 2069 is divided by 39.
2
Calculate the remainder when 19395 is divided by 53.
50
Calculate the remainder when 16643 is divided by 2089.
2020
What is the remainder when 24745 is divided by 12318?
109
What is the remainder when 15751 is divided by 3876?
247
What is the remainder when 7525 is divided by 13?
11
What is the remainder when 377827 is divided by 49?
37
Calculate the remainder when 73856 is divided by 24618.
2
What is the remainder when 1465 is divided by 321?
181
Calculate the remainder when 45414 is divided by 528.
6
Calculate the remainder when 669 is divided by 225.
219
What is the remainder when 58099 is divided by 465?
439
What is the remainder when 4494 is divided by 1386?
336
Calculate the remainder when 734327 is divided by 376.
375
What is the remainder when 2378 is divided by 1037?
304
Calculate the remainder when 1